ist the prime factors of u.
2, 7
Let i = 18 + -13. Suppose 5*q - i = -0. Suppose -4*n + 31 = -q. List the prime factors of n.
2
Suppose -v - 2*v = -12. Let g be (-333)/6*v/6. Let o = -26 - g. What are the prime factors of o?
11
Let w(d) = 4*d - 4. Let k be w(2). Let z be (k - -3) + -4 - -149. What are the prime factors of 25/10*z/10?
2, 19
Let s be (-3 - -2)*(13 + -8). Let m be ((-4)/s)/(7/(-490)). Let u = 85 + m. List the prime factors of u.
29
Let f = -16 - -31. Let v = -28 + f. Let a = v + 30. List the prime factors of a.
17
Let x = -37 - -50. Suppose 2*v - 3*t - 3 = 18, 3*v + t - 4 = 0. Suppose -x = -w + 4*g + g, 2*g = v*w - 91. What are the prime factors of w?
3, 11
Suppose 4*n - 5614 = -2*l, 0*n - 4*l - 1381 = -n. List the prime factors of n.
3, 467
Let r(d) = 0 - 3*d + 5*d**3 + 9*d**2 - 4*d**3 + 2. List the prime factors of r(-7).
11
Let c = -1194 - -1992. What are the prime factors of c?
2, 3, 7, 19
Let t(n) = -n**2 - 3*n - 3. Let i be t(-5). Let p = -3 - i. Let c = p - 0. List the prime factors of c.
2, 5
What are the prime factors of 5937*((-104)/12 - -9)?
1979
Let g = -241 + 1009. Suppose 292*a = 289*a + g. What are the prime factors of a?
2
Let v(g) = -11*g**2 + 8*g + 20. Let o(w) = w - 6. Let f be o(3). Let c(x) = -4*x**2 + 3*x + 7. Let l(n) = f*v(n) + 8*c(n). List the prime factors of l(-6).
2
Let j = -36 - -40. Suppose -3*o + j*o = 0. Suppose -2*z + 3*z = 4*g - 230, 2*z - 4 = o. List the prime factors of g.
2, 29
Suppose -195 = 2*k + k. Let l = k - -167. What are the prime factors of l?
2, 3, 17
Let l = 11 + -17. Let y = -14 + -71. List the prime factors of (y/34)/(1/l).
3, 5
Suppose -563 = -5*a + 5547. List the prime factors of a.
2, 13, 47
Let w(c) = 753*c - 350. List the prime factors of w(2).
2, 17
List the prime factors of 162*-18*(-9)/54.
2, 3
Let o be (30/(-8))/(2/(-240)). Let d(c) = -c**2 - 16*c + 36. Let t be d(-18). Suppose t = -i + 7*i - o. What are the prime factors of i?
3, 5
Let t be 0/3 + (4 - 2). Suppose 4*g = 5*w - 476, 0 = -t*w + 4*g + 221 - 21. List the prime factors of w.
2, 23
Suppose -1 = y + 5. Let d(c) = c**3 + 5*c**2 - 7*c - 2. Let o be d(y). Suppose 0 = o*x + 3*m - 72, -3*x + m = -0*m - 54. What are the prime factors of x?
2, 3
Let o(i) = -i**3 + 22*i**2 + 10*i + 61. What are the prime factors of o(22)?
281
Suppose 3*k - 8*k = -n + 3126, 6224 = 2*n - 3*k. List the prime factors of n.
2, 1553
Let u(j) = -j**3 + 2*j + 5. Let l be (-7 + 4 + 3)/4. Let t be u(l). Suppose 2*s = 3*q - q + 68, 0 = s - t*q - 22. What are the prime factors of s?
37
Suppose -3*d - 8 = u - 0*u, -d + 6 = -4*u. List the prime factors of 6*d/4 + 49.
2, 23
Let y(l) = l**3 + 7*l**2 + 2. Let p be y(-7). What are the prime factors of (p + 48/(-20))*10 - -172?
2, 3, 7
What are the prime factors of (-1125 + -12)*(3 + -4)?
3, 379
Let g(c) = 35*c + 173. List the prime factors of g(6).
383
Let a = 77 + -97. List the prime factors of 5*-289*4/a.
17
Let f = 969 + -403. List the prime factors of f.
2, 283
Suppose -8*s = -6*s - 60. Let w be 18/135 - (-8456)/s. Suppose 2*r + w = 8*r. What are the prime factors of r?
47
Let d = 50 - 46. Let u(x) = x**3 + 3*x - 2. List the prime factors of u(d).
2, 37
Let n be 5*15 + 6 + (-4 - 0). Suppose -n = -4*t + 111. What are the prime factors of t?
47
Suppose 4*l = 4*p + 64, 7*p - l + 64 = 3*p. Let x = p - -27. What are the prime factors of x?
11
Let w = -728 - -1153. Suppose -w = -11*g + 6*g. What are the prime factors of g?
5, 17
Suppose 55*m + 1032 = 59*m. Let r = m + -100. What are the prime factors of r?
2, 79
Let c be (-8)/2*66/8. Let b = c - -54. Suppose -2*x + b + 25 = 0. What are the prime factors of x?
23
Let j(p) be the second derivative of p**4/4 - 41*p**3/6 - 21*p**2/2 - 19*p. What are the prime factors of j(17)?
149
List the prime factors of (1/((-10)/(-8)))/(3/1605).
2, 107
Let o(s) = s**3 + 7*s**2 - 11*s + 3. Let q be (-38)/(-8)*-2*-2. Let b = 11 - q. List the prime factors of o(b).
3
Suppose -21*p + 6*p + 765 = 0. What are the prime factors of p?
3, 17
Let c(n) = 3*n**3 - 3*n**2 + 5*n - 4. Let t be c(2). Let g be t/(-108) - 43/(-6). Let w(j) = j**2 - 2*j - 4. List the prime factors of w(g).
31
Let o(m) = 2*m**2 + 21*m - 28. Let w be o(-12). Let p = 4 + -14. What are the prime factors of 11 - w - 1*p?
13
Let u(j) = 31*j + 33. What are the prime factors of u(7)?
2, 5
What are the prime factors of 3/(8 - -1) - (-27207)/27?
2, 3, 7
Suppose -25*t + 13*t + 16080 = 0. List the prime factors of t.
2, 5, 67
Let x(r) = 9*r**3 - r**2 + r + 1. Let v be x(-1). Let f = 12 + v. Suppose -5*w - f*j = -w - 56, -w + 4*j = -23. List the prime factors of w.
3, 5
Suppose -5*r + 24 = 4*n, 3*r - 45 + 15 = -5*n. Let s be (-2 - -3)*8/4. Let f = n - s. What are the prime factors of f?
2
Suppose 0 = -w - 0*w - 2. Suppose 3*x + 102 = x. What are the prime factors of x/(-6) - w/(-4)?
2
Let h = -94 - -96. List the prime factors of h/7 + (-2400)/(-28).
2, 43
Suppose w - 33 = -2*r - 3*r, -3*r = -15. List the prime factors of 45/1 - w/4.
43
Suppose -10*k = 5*k - 16530. List the prime factors of k.
2, 19, 29
Let b be 2/(-3) - 318/9. Suppose -2*l - 112 = -2*w, 0*l + 2*w + 254 = -4*l. Let c = b - l. List the prime factors of c.
5
Suppose 2*l = -o + 1217, 4*l = -0*l - o + 2437. List the prime factors of l.
2, 5, 61
Let v(a) = a**3 + 8*a**2 - 4*a - 7. Suppose 0 = -4*d - g - 81, 3*d - 3*g + 17 = -40. Let p = d - -12. What are the prime factors of v(p)?
5
Suppose 4119 = 17*y - 14*y. List the prime factors of y.
1373
Let a be (4/5)/(5/375). Let t = 115 - a. What are the prime factors of t?
5, 11
Let x(s) = -3*s. Let u be x(4). List the prime factors of u/(-9)*3 + 90.
2, 47
Let c be (18*(-32)/60)/(3/(-400)). What are the prime factors of -4 + c/6 + 20/(-60)?
11, 19
Let x be 1*(-1 - -9) - 0. Suppose -5*w - 2*j + 3*j = x, 3*w = 3*j. List the prime factors of (-400)/(-10) - (-6 - w).
2, 11
Let l(v) = 2*v**2 - 6*v - 3. Let j(x) = -2*x**2 + 6*x + 3. Let n(s) = 4*j(s) + 3*l(s). Let w be n(3). Let y = 12 + w. What are the prime factors of y?
3, 5
Let g(y) = -y**2 + 15*y - 34. What are the prime factors of g(11)?
2, 5
Suppose r - 5 = 0, 5*k + 5*r - 210 = 2*r. Suppose 4*j + 117 = 37. Let l = k + j. List the prime factors of l.
19
Suppose 3*c = -s + 13, c - 5*s = -4*c + 15. Suppose -c*w + 166 = -26. List the prime factors of w.
2, 3
Let m be (-2)/(10/(-27)) - (-2)/(-5). Suppose -86 = -m*i + 4*i. What are the prime factors of i?
2, 43
Suppose -17*q + 4403 - 748 = 0. What are the prime factors of q?
5, 43
Let c be 19/38 + (-42)/4. What are the prime factors of 11/((-55)/c) - -184?
2, 3, 31
Let p(r) be the third derivative of r**5/12 - r**4/6 - r**3/2 + 2*r**2. What are the prime factors of p(-1)?
2, 3
Suppose 0 = 4*x - 9*x + 35. Suppose 3*z = 2*z + x. Let d(n) = 2*n + 3. List the prime factors of d(z).
17
Let x = -1 - 3. Let d = -10 - x. What are the prime factors of 2 + -2 - d - -1?
7
Suppose 0 = 3*j, -4*j + j = n - 5. Suppose 4*l - 25 = -n*v, 13 = v - l - 1. What are the prime factors of v?
3
Let m(l) = -l**2 + 5*l - 6. Let b be m(4). Let j(q) = q - 1. Let u(a) = a**2 - 2*a - 3. Let y(o) = -j(o) + u(o). What are the prime factors of y(b)?
2
Let p(t) = 5*t + 30. What are the prime factors of p(7)?
5, 13
Let z(f) = 52*f**2 - 2*f - 76. List the prime factors of z(-7).
2, 11, 113
Let w be -63*4/96*4*4. Let t = -19 - w. List the prime factors of t.
23
Let f be (1 - -2)*-1 - -53. Suppose 5*w - 280 = f. List the prime factors of w.
2, 3, 11
Let p(o) = -2*o**2 + 4*o + 4. Let y be p(4). What are the prime factors of (-21)/(-126) + (-850)/y?
71
List the prime factors of 145 - (0 - (-11)/(55/20)).
3, 47
Let k = -604 - -413. Let x = 26 - k. What are the prime factors of x?
7, 31
Suppose 7*q - 2*q - 2761 = 2*v, -2*q - v + 1099 = 0. Suppose 31 = -10*z + q. What are the prime factors of z?
2, 13
Suppose -2*l + 20 = 2*l. Suppose 12 = 5*m - 5*r - 203, -2*m - l*r = -100. Suppose -2*y + m = -5. List the prime factors of y.
5
Suppose -10 = 5*i, s + 17 = 4*i + 127. Suppose 0 = 3*c + 2*c - 2*b - s, 0 = 4*c + 3*b - 77. List the prime factors of c.
2, 5
Let j = 604 + -358. List the prime factors of j.
2, 3, 41
Suppose -j + 4*z - 15 + 0 = 0, 0 = 5*j - 5*z + 30. Let q be (3/6)/(j/6). What are the prime factors of 35 + -3 + q + 2?
3, 11
Let h be -3 + 0 + -1 + -26. Let